 when 889 is divided by b(0).
9
Let o = -3 + 15. Suppose 5*k + 5*u = 130, 2*u + 2*u - 126 = -5*k. Calculate the remainder when k is divided by (16/(-12))/(-2)*o.
6
Let q be -1 + -3 + 249/1. Let a = q + -118. Suppose -5*h + 4*p = 39 - a, 3*h - 3*p = 54. Calculate the remainder when 60 is divided by h.
12
Let r(m) be the third derivative of m**6/120 + 13*m**5/30 + 25*m**4/24 + m**3 + 16*m**2. Calculate the remainder when 15 is divided by r(-25).
3
Suppose 3*g - 51 - 87 = 0. Let s = g + 71. Calculate the remainder when s is divided by 40.
37
Let l = 7 + -5. Suppose 0 = l*y - 6*y + 8. Suppose 2*q + 1 = -3*t, -4*t + 7*t - 3*q = 9. What is the remainder when y is divided by t?
0
Suppose 0 = 18*p - 1071 - 333. Calculate the remainder when p is divided by 41.
37
Suppose 8*u = 3*u + 15. Let y(x) = -x - 4. Let d be y(-10). Let t = d + 2. Calculate the remainder when t is divided by u.
2
Suppose 0 = -5*d + 6*d - 94. What is the remainder when d is divided by (3 + 44/(-12))/(6/(-171))?
18
Let o = -77 + 79. Suppose 3*s + 5*u = -s + 1549, o*s + 3*u = 777. Calculate the remainder when s is divided by 48.
45
Let k(d) = 31*d - 2. Let w be k(2). Let i be (w/(-21))/(2/(-7)). Suppose -i = 2*y - 30. What is the remainder when y is divided by 6?
4
Let b(h) = -37*h**2 - 2*h + 0 - 2*h**3 + 4*h + 15 + 32*h**2. What is the remainder when 49 is divided by b(-3)?
13
Let n(x) = -16*x + 6. Let y be n(4). Let t = y - -39. Let h = 27 + t. Calculate the remainder when 20 is divided by h.
4
Let b = -1278 - -1434. What is the remainder when b is divided by 45?
21
Let u be (36/14)/(5/70). Suppose -37*c = -u*c - 35. Calculate the remainder when c is divided by 12.
11
What is the remainder when 6*-42*(-2)/8 is divided by 2 + -3 + -3 + 22?
9
Suppose -71 - 22 = -3*i. Let d(m) = m**3 - 40*m**2 - 38*m - 32. What is the remainder when d(41) is divided by i?
29
Let u = 139 - 136. Suppose 443 = u*n - 22. What is the remainder when n is divided by 39?
38
Suppose x + x - 736 = 0. Suppose 4*q - 3*s = x, -5*s = -q - q + 184. What is the remainder when q is divided by 48?
44
Suppose 5*p + 5 = 0, -p = 4*x + 1 + 8. Let m be x/(-8)*(5 + -5). Calculate the remainder when -2*((m - -1) + -12) is divided by 5.
2
Suppose -10 = 5*v - 45. Let a = v + 5. What is the remainder when 45 is divided by a?
9
Let d = 22 + -9. Suppose -9*v + 10*v + 8 = -5*s, 0 = -4*v + s + 31. Calculate the remainder when d is divided by v.
6
Suppose -2*w - 3*r + 157 = 0, -4*w + 3*r = -8 - 333. Let g = 3 - -9. What is the remainder when w is divided by g?
11
Let u(k) = 88*k + 1534. Let z be (2*(-2)/4)/(-1). Calculate the remainder when u(-17) is divided by 22 + (-2*z)/1.
18
Suppose -4*z - 225 = -5*h, z - 4*h = -8*h - 51. Let t = 116 + z. Calculate the remainder when t is divided by 11.
6
Suppose 2*a - 36 = -0. What is the remainder when 69 is divided by a?
15
Let q(p) = 2*p**2 - 3*p - 7. Let b(s) = s**2 + 7*s - 3. Let u be b(-8). Suppose -13*d + 7*d = -90. What is the remainder when q(u) is divided by d?
13
Suppose 6*t = 3*t + 18. Suppose 0 = -t*h + 14*h + 344. Let b = 125 + h. What is the remainder when b is divided by 14?
12
Let y be 1 - (-16)/(7 + -3). Suppose y*w = -k + 38, -w = -0*w + 5. Calculate the remainder when k is divided by 16.
15
Suppose h - 3*k = 8, -5*h + 5*k = -12 - 8. Let q be (-3)/h + (-1)/(-2). Let i(l) = -21*l + 2. Calculate the remainder when i(q) is divided by 13.
10
Suppose -2*l - 211 = -5*w + 136, -4*l - 634 = 2*w. Let n = l - -240. Let x = 307 - 280. Calculate the remainder when n is divided by x.
25
Let j = 510 - 471. Calculate the remainder when 112 is divided by j.
34
Suppose 6 + 4 = 2*y. Suppose 0 = y*c + 3*i + 45, -4*i + 2*i = 10. Let z = c - -55. Calculate the remainder when z is divided by 17.
15
Let b be (-2 - -128)/(12/(-9) + 2). Suppose -5*q + 12*q - b = 0. Calculate the remainder when q is divided by 5.
2
Let a(w) = -w**3 - 7*w**2 - 4*w - 2. Let s be a(-4). Let r = s + 63. Calculate the remainder when r is divided by 15.
14
Let n(i) = -4*i - 9. Let o(a) = 69*a - 3. What is the remainder when o(1) is divided by n(-8)?
20
Let m(c) = 4*c - 12*c + 5 + 4*c + 3*c. What is the remainder when m(-1) is divided by 4?
2
Let f = -20 + 25. Calculate the remainder when 19 is divided by f.
4
Suppose -10 = 8*n - 122. What is the remainder when 347 is divided by n?
11
Suppose 2*h + 3 = 25. Suppose t + 2*t = -p + 25, 5*p + h = 2*t. Let z(d) = 2*d**2 - 21*d - 50. What is the remainder when z(13) is divided by t?
7
Suppose 465 = 5*k + 4*f, -3*k + f - 2*f = -279. Calculate the remainder when k is divided by 48.
45
Let x = -2 - -5. Let o = -9 + 42. What is the remainder when (-6)/x - (-63 - 2) is divided by o?
30
Let u = -100 - -120. Suppose 0 = -9*d + 14*d - 4*w - 64, -u = -d - w. Calculate the remainder when 61 is divided by d.
13
Let j = 60 + -54. Suppose 0 = -0*n - n + 112. Suppose -2*p = -j*p + n. Calculate the remainder when p is divided by 10.
8
Suppose p = 5*p - 308. Suppose -p = 4*m - 9. What is the remainder when (m + (-6 - -3))*-2 is divided by 14?
12
Let z(w) = w**3 - w**2 - 16*w - 9. What is the remainder when z(7) is divided by 4?
1
Let p be (3 + 0)*(-4)/(-6). Suppose -13 - 3 = -2*f + 4*g, 0 = p*f + 4*g - 16. Suppose 0 = n - f. Calculate the remainder when 29 is divided by n.
5
Let l = 177 - 117. Let x(n) be the first derivative of -8*n**4 - 2*n**3/3 - n**2/2 - 9. What is the remainder when l is divided by x(-1)?
29
What is the remainder when 1197 is divided by (-8)/5*(140/(-7))/4?
5
Suppose 7*p - 4*p = 195. Suppose 5*y + 90 = 5*z, -y = -6*y - 5. What is the remainder when p is divided by z?
14
Let i(g) = -g**2 + g + 1. Let s(c) = 3*c**2 + 1. Let t(v) = 2*i(v) + s(v). Let y = 25 - -7. Calculate the remainder when y is divided by t(-5).
14
Let c(z) = -z**3 + 5*z**2 + 8*z - 4. Let g be c(6). Let o be (-26)/(-10) - g/(-20). Calculate the remainder when 28 is divided by 12 + o/(-2)*-2.
13
Suppose -2*y = -5*y + 1980. Suppose -y = -5*s + b, 3*b - 244 - 265 = -4*s. What is the remainder when s is divided by 11?
10
What is the remainder when 45/4*60/9 is divided by 49?
26
Suppose 5*k + 542 = 3*w, -2*w + 4*w + k = 370. What is the remainder when w is divided by 52?
28
Suppose 0 = -10*s + 8*s. Suppose -5*c - c = s. Suppose -2*k - 4*b + 28 = c, -5*k - b = -5*b - 42. Calculate the remainder when k is divided by 4.
2
Let y(v) = -v**3 + 4*v + 5. Let f be y(-3). What is the remainder when (165/f + -2)/(2/8) is divided by 8?
1
Suppose -151 = -7*w + 31. Calculate the remainder when 95 is divided by w.
17
Suppose -n = 5*p - 325, -9*n + 8*n = 4*p - 259. Calculate the remainder when 228 is divided by p.
30
Suppose -6*h + 19 = -5*h. Let k(x) = 28*x + 1 - 7*x + h*x + 0. Calculate the remainder when k(3) is divided by 31.
28
Suppose 3*f + 5*m = -6, -3 = -f + 4*f + 4*m. Calculate the remainder when f is divided by 58/18 - 3 - 32/(-18).
1
Suppose 0 = 4*b + 5*d - 558, -b - 4*b + 3*d = -716. Calculate the remainder when b is divided by ((-12)/(-10))/1 - 973/(-35).
26
Let w = 92 - 57. Suppose 0 = -134*t + 122*t + 1236. What is the remainder when t is divided by w?
33
Suppose 0 = -w + 4*w + 4*a - 229, -71 = -w - 4*a. What is the remainder when w is divided by 29?
21
Suppose 1 = 5*p - 179. Suppose 0*k + 4*k + p = 0. Calculate the remainder when 3/k*0 + 82 is divided by 21.
19
Let m = -20 - -34. Let q(c) = -c**2 - 13*c - 6. Let d be q(-9). Suppose d = -14*l + 20*l. What is the remainder when m is divided by l?
4
Let g = -67 - -480. What is the remainder when g is divided by 23?
22
Let l = 22 + -14. Let u = -13 - -17. Suppose 3*o = u*k - 28 - 37, -2*o - 34 = -2*k. What is the remainder when k is divided by l?
6
Let m(t) = -t**3 - t**2 - 10*t - 15. What is the remainder when 339 is divided by m(-2)?
6
Suppose -2*a + 48 = -44. Suppose -38 + a = 4*p. What is the remainder when 8 is divided by p?
0
Let v = 192 - 51. Suppose 5*r = b + v, r = 5*b - 3*b + 21. Calculate the remainder when r is divided by 16.
13
Calculate the remainder when 12/4*1 - (-399)/7 is divided by 17.
9
Suppose 26 = 6*m - 46. What is the remainder when m is divided by 5?
2
Suppose 73*h - 71*h - 66 = 0. Calculate the remainder when h is divided by 6.
3
Let i(m) = -m**3 + 11*m**2 + 12*m + 17. Let b be (36/10)/((-215)/(-50) + -4). Calculate the remainder when 79 